{"id":1419,"date":"2022-04-25T19:30:07","date_gmt":"2022-04-25T17:30:07","guid":{"rendered":"https:\/\/latinaja.es\/?page_id=1419"},"modified":"2023-09-21T21:48:54","modified_gmt":"2023-09-21T19:48:54","slug":"comarca","status":"publish","type":"page","link":"https:\/\/latinaja.es\/index.php\/comarca\/","title":{"rendered":"Geoparque"},"content":{"rendered":"<div id=\"pl-1419\"  class=\"panel-layout\" ><div id=\"pg-1419-0\"  class=\"panel-grid panel-no-style\" ><div id=\"pgc-1419-0-0\"  class=\"panel-grid-cell\" ><div id=\"panel-1419-0-0-0\" class=\"so-panel widget widget_themegrill_flash_heading tg-widget section-title-wrapper panel-first-child\" data-index=\"0\" >\t<h3 class=\"section-title\">Geoparque de Granada<\/h3>\n\t<div class=\"section-description\">La zona Norte de la provincia de Granada posee uno de los paisajes m\u00e1s singulares de la Pen\u00ednsula Ib\u00e9rica: una sucesi\u00f3n semides\u00e9rtica de decenas de miles de c\u00e1rcavas y \u2018badlands\u2019 rodeados de sierras y las cumbres nevadas de Sierra Nevada.<\/div>\n<\/div><div id=\"panel-1419-0-0-1\" class=\"so-panel widget widget_media_video\" data-index=\"1\" ><h3 class=\"widget-title\">Geoparque de Granada<\/h3><div style=\"width:100%;\" class=\"wp-video\"><!--[if lt IE 9]><script>document.createElement('video');<\/script><![endif]-->\n<video class=\"wp-video-shortcode\" id=\"video-1419-1\" preload=\"metadata\" controls=\"controls\"><source type=\"video\/youtube\" src=\"https:\/\/www.youtube.com\/watch?v=ItSrra4dQ1Y&#038;_=1\" \/><a href=\"https:\/\/www.youtube.com\/watch?v=ItSrra4dQ1Y\">https:\/\/www.youtube.com\/watch?v=ItSrra4dQ1Y<\/a><\/video><\/div><\/div><div id=\"panel-1419-0-0-2\" class=\"so-panel widget widget_themegrill_flash_cta tg-widget call-to-action-section\" data-index=\"2\" ><div class=\"flash_inherit_color panel-widget-style panel-widget-style-for-1419-0-0-2\" ><div class=\"cta-wrapper call-to-action-section-layout-1\">\n\t<div class=\"section-title-wrapper\">\n\t\t\t\t<h3 class=\"section-title\">Consejos para tu visita al Geoparque<\/h3>\n\t\t\t\t<h4 class=\"section-subtitle\">En esta guia tienes una serie de onsejos para que tu visita al geoparque sea lo mas respetuosa posible con nuestro maravillo territorio.<\/h4>\n\t\t\t<\/div>\n\t\t<div class=\"btn-wrapper\">\n\t\t\t\t<a class=\"btn\" href=\"https:\/\/www.geoparquedegranada.com\/wp-content\/uploads\/2021\/08\/QR-Geoparque-Granada.-Buenas-practicas-Sostenibilidad-visitante_DEF.pdf\">Guia de consejos<\/a>\n\t\t\t\t\t<\/div>\n\t<\/div>\n<\/div><\/div><div id=\"panel-1419-0-0-3\" class=\"so-panel widget widget_themegrill_flash_heading tg-widget section-title-wrapper\" data-index=\"3\" >\t<h3 class=\"section-title\">Nuestras cuevas<\/h3>\n\t<div class=\"section-description\">Emblema de la comarca, descubre lo que es dormir en una casa cueva o por supuesto comer en La Tinaja que es un restaurante en cueva<\/div>\n<\/div><div id=\"panel-1419-0-0-4\" class=\"so-panel widget widget_media_video\" data-index=\"4\" ><h3 class=\"widget-title\">Nuestras cuevas<\/h3><div style=\"width:100%;\" class=\"wp-video\"><video class=\"wp-video-shortcode\" id=\"video-1419-2\" preload=\"metadata\" controls=\"controls\"><source type=\"video\/youtube\" src=\"https:\/\/www.youtube.com\/watch?v=QqnGGIunD2c&#038;t=269s&#038;_=2\" \/><a href=\"https:\/\/www.youtube.com\/watch?v=QqnGGIunD2c&#038;t=269s\">https:\/\/www.youtube.com\/watch?v=QqnGGIunD2c&#038;t=269s<\/a><\/video><\/div><\/div><div id=\"panel-1419-0-0-5\" class=\"so-panel widget widget_themegrill_flash_heading tg-widget section-title-wrapper\" data-index=\"5\" >\t<h3 class=\"section-title\">Tierra de sabores<\/h3>\n\t<div class=\"section-description\">Nuestro chef Mario Perez participa en el programa \u201cTierra de sabores\u201d de canal sur, promocionando la gastronom\u00eda de la tierra y recetas de siempre.<\/div>\n<\/div><div id=\"panel-1419-0-0-6\" class=\"so-panel widget widget_media_video\" data-index=\"6\" ><h3 class=\"widget-title\">Tierra de sabores<\/h3><div style=\"width:100%;\" class=\"wp-video\"><video class=\"wp-video-shortcode\" id=\"video-1419-3\" preload=\"metadata\" controls=\"controls\"><source type=\"video\/youtube\" src=\"https:\/\/www.youtube.com\/watch?v=mOG3rBUBSQs&#038;_=3\" \/><a href=\"https:\/\/www.youtube.com\/watch?v=mOG3rBUBSQs\">https:\/\/www.youtube.com\/watch?v=mOG3rBUBSQs<\/a><\/video><\/div><\/div><div id=\"panel-1419-0-0-7\" class=\"so-panel widget widget_themegrill_flash_heading tg-widget section-title-wrapper\" data-index=\"7\" >\t<h3 class=\"section-title\">Nuestro cascamorras<\/h3>\n\t<div class=\"section-description\">Una de las fiestas m\u00e1s conocidas de Guadix, declarada de inter\u00e9s tur\u00edstico internacional, realiza su salida desde nuestro restaurante donde tiene habilitado un vestidor especial para ese d\u00eda.<\/div>\n<\/div><div id=\"panel-1419-0-0-8\" class=\"so-panel widget widget_media_video\" data-index=\"8\" ><h3 class=\"widget-title\">Cascamorras<\/h3><div style=\"width:100%;\" class=\"wp-video\"><video class=\"wp-video-shortcode\" id=\"video-1419-4\" preload=\"metadata\" controls=\"controls\"><source type=\"video\/youtube\" src=\"https:\/\/www.youtube.com\/watch?v=Lw-SoUokGBk&#038;t=727s&#038;_=4\" \/><a href=\"https:\/\/www.youtube.com\/watch?v=Lw-SoUokGBk&#038;t=727s\">https:\/\/www.youtube.com\/watch?v=Lw-SoUokGBk&#038;t=727s<\/a><\/video><\/div><\/div><div id=\"panel-1419-0-0-9\" class=\"so-panel widget widget_themegrill_flash_heading tg-widget section-title-wrapper\" data-index=\"9\" >\t<h3 class=\"section-title\">Guadix esta de moda<\/h3>\n\t<div class=\"section-description\">Guadix est\u00e1 de moda, todo el mundo lo comenta, desde nuestra gastronom\u00eda hasta nuestros monumentos y actividades. \u00a1\u00a1 Ven y conoce nuestra ciudad milenaria!!<\/div>\n<\/div><div id=\"panel-1419-0-0-10\" class=\"so-panel widget widget_media_video\" data-index=\"10\" ><h3 class=\"widget-title\">Guadix esta de moda<\/h3><div style=\"width:100%;\" class=\"wp-video\"><video class=\"wp-video-shortcode\" id=\"video-1419-5\" preload=\"metadata\" controls=\"controls\"><source type=\"video\/youtube\" src=\"https:\/\/www.youtube.com\/watch?v=w5_6DraZVsQ&#038;_=5\" \/><a href=\"https:\/\/www.youtube.com\/watch?v=w5_6DraZVsQ\">https:\/\/www.youtube.com\/watch?v=w5_6DraZVsQ<\/a><\/video><\/div><\/div><div id=\"panel-1419-0-0-11\" class=\"so-panel widget widget_themegrill_flash_heading tg-widget section-title-wrapper\" data-index=\"11\" >\t<h3 class=\"section-title\">Guadix monumental<\/h3>\n\t<div class=\"section-description\">Guadix se presenta como una ciudad monumental, de las principales de la provincia de Granada y de las m\u00e1s antiguas de toda la Pen\u00ednsula Ib\u00e9rica, que conserva un rico y extenso patrimonio hist\u00f3rico-art\u00edstico.<\/div>\n<\/div><div id=\"panel-1419-0-0-12\" class=\"so-panel widget widget_media_video panel-last-child\" data-index=\"12\" ><h3 class=\"widget-title\">Guadix Monumental<\/h3><div style=\"width:100%;\" class=\"wp-video\"><video class=\"wp-video-shortcode\" id=\"video-1419-6\" preload=\"metadata\" controls=\"controls\"><source type=\"video\/youtube\" src=\"https:\/\/www.youtube.com\/watch?v=fcpkjqwgl88&#038;_=6\" \/><a href=\"https:\/\/www.youtube.com\/watch?v=fcpkjqwgl88\">https:\/\/www.youtube.com\/watch?v=fcpkjqwgl88<\/a><\/video><\/div><\/div><\/div><\/div><\/div>","protected":false},"excerpt":{"rendered":"<p>Geoparque de Granada La zona Norte de la provincia de Granada posee uno de los paisajes m\u00e1s singulares de la [&hellip;]<\/p>\n","protected":false},"author":1,"featured_media":0,"parent":0,"menu_order":0,"comment_status":"closed","ping_status":"closed","template":"","meta":{"footnotes":""},"class_list":["post-1419","page","type-page","status-publish","hentry"],"yoast_head":"<!-- This site is optimized with the Yoast SEO plugin v24.9 - https:\/\/yoast.com\/wordpress\/plugins\/seo\/ -->\n<title>Geoparque &#8212; Braseria La Tinaja<\/title>\n<meta name=\"robots\" content=\"index, follow, max-snippet:-1, max-image-preview:large, max-video-preview:-1\" \/>\n<link rel=\"canonical\" href=\"https:\/\/latinaja.es\/index.php\/comarca\/\" \/>\n<meta property=\"og:locale\" content=\"es_ES\" \/>\n<meta property=\"og:type\" content=\"article\" \/>\n<meta property=\"og:title\" content=\"Geoparque &#8212; Braseria La Tinaja\" \/>\n<meta property=\"og:description\" content=\"Geoparque de Granada La zona Norte de la provincia de Granada posee uno de los paisajes m\u00e1s singulares de la [&hellip;]\" \/>\n<meta property=\"og:url\" content=\"https:\/\/latinaja.es\/index.php\/comarca\/\" \/>\n<meta property=\"og:site_name\" content=\"Braseria La Tinaja\" \/>\n<meta property=\"article:publisher\" content=\"https:\/\/www.facebook.com\/tinajaguadix\/\" \/>\n<meta property=\"article:modified_time\" content=\"2023-09-21T19:48:54+00:00\" \/>\n<meta name=\"twitter:card\" content=\"summary_large_image\" \/>\n<meta name=\"twitter:site\" content=\"@tinaja_braseria\" \/>\n<meta name=\"twitter:label1\" content=\"Tiempo de lectura\" \/>\n\t<meta name=\"twitter:data1\" content=\"1 minuto\" \/>\n<script type=\"application\/ld+json\" class=\"yoast-schema-graph\">{\"@context\":\"https:\/\/schema.org\",\"@graph\":[{\"@type\":\"WebPage\",\"@id\":\"https:\/\/latinaja.es\/index.php\/comarca\/\",\"url\":\"https:\/\/latinaja.es\/index.php\/comarca\/\",\"name\":\"Geoparque &#8212; Braseria La Tinaja\",\"isPartOf\":{\"@id\":\"https:\/\/latinaja.es\/#website\"},\"datePublished\":\"2022-04-25T17:30:07+00:00\",\"dateModified\":\"2023-09-21T19:48:54+00:00\",\"breadcrumb\":{\"@id\":\"https:\/\/latinaja.es\/index.php\/comarca\/#breadcrumb\"},\"inLanguage\":\"es\",\"potentialAction\":[{\"@type\":\"ReadAction\",\"target\":[\"https:\/\/latinaja.es\/index.php\/comarca\/\"]}]},{\"@type\":\"BreadcrumbList\",\"@id\":\"https:\/\/latinaja.es\/index.php\/comarca\/#breadcrumb\",\"itemListElement\":[{\"@type\":\"ListItem\",\"position\":1,\"name\":\"Portada\",\"item\":\"https:\/\/latinaja.es\/\"},{\"@type\":\"ListItem\",\"position\":2,\"name\":\"Geoparque\"}]},{\"@type\":\"WebSite\",\"@id\":\"https:\/\/latinaja.es\/#website\",\"url\":\"https:\/\/latinaja.es\/\",\"name\":\"Braseria La Tinaja\",\"description\":\"Web del restaurante La Tinaja\",\"publisher\":{\"@id\":\"https:\/\/latinaja.es\/#organization\"},\"potentialAction\":[{\"@type\":\"SearchAction\",\"target\":{\"@type\":\"EntryPoint\",\"urlTemplate\":\"https:\/\/latinaja.es\/?s={search_term_string}\"},\"query-input\":{\"@type\":\"PropertyValueSpecification\",\"valueRequired\":true,\"valueName\":\"search_term_string\"}}],\"inLanguage\":\"es\"},{\"@type\":\"Organization\",\"@id\":\"https:\/\/latinaja.es\/#organization\",\"name\":\"Braseria La Tinaja Guadix\",\"url\":\"https:\/\/latinaja.es\/\",\"logo\":{\"@type\":\"ImageObject\",\"inLanguage\":\"es\",\"@id\":\"https:\/\/latinaja.es\/#\/schema\/logo\/image\/\",\"url\":\"https:\/\/latinaja.es\/wp-content\/uploads\/2020\/11\/LOGOTIPO-PNG.png\",\"contentUrl\":\"https:\/\/latinaja.es\/wp-content\/uploads\/2020\/11\/LOGOTIPO-PNG.png\",\"width\":1654,\"height\":1181,\"caption\":\"Braseria La Tinaja Guadix\"},\"image\":{\"@id\":\"https:\/\/latinaja.es\/#\/schema\/logo\/image\/\"},\"sameAs\":[\"https:\/\/www.facebook.com\/tinajaguadix\/\",\"https:\/\/x.com\/tinaja_braseria\",\"https:\/\/www.instagram.com\/tinajaguadix\/\"]}]}<\/script>\n<!-- \/ Yoast SEO plugin. -->","yoast_head_json":{"title":"Geoparque &#8212; Braseria La Tinaja","robots":{"index":"index","follow":"follow","max-snippet":"max-snippet:-1","max-image-preview":"max-image-preview:large","max-video-preview":"max-video-preview:-1"},"canonical":"https:\/\/latinaja.es\/index.php\/comarca\/","og_locale":"es_ES","og_type":"article","og_title":"Geoparque &#8212; Braseria La Tinaja","og_description":"Geoparque de Granada La zona Norte de la provincia de Granada posee uno de los paisajes m\u00e1s singulares de la [&hellip;]","og_url":"https:\/\/latinaja.es\/index.php\/comarca\/","og_site_name":"Braseria La Tinaja","article_publisher":"https:\/\/www.facebook.com\/tinajaguadix\/","article_modified_time":"2023-09-21T19:48:54+00:00","twitter_card":"summary_large_image","twitter_site":"@tinaja_braseria","twitter_misc":{"Tiempo de lectura":"1 minuto"},"schema":{"@context":"https:\/\/schema.org","@graph":[{"@type":"WebPage","@id":"https:\/\/latinaja.es\/index.php\/comarca\/","url":"https:\/\/latinaja.es\/index.php\/comarca\/","name":"Geoparque &#8212; Braseria La Tinaja","isPartOf":{"@id":"https:\/\/latinaja.es\/#website"},"datePublished":"2022-04-25T17:30:07+00:00","dateModified":"2023-09-21T19:48:54+00:00","breadcrumb":{"@id":"https:\/\/latinaja.es\/index.php\/comarca\/#breadcrumb"},"inLanguage":"es","potentialAction":[{"@type":"ReadAction","target":["https:\/\/latinaja.es\/index.php\/comarca\/"]}]},{"@type":"BreadcrumbList","@id":"https:\/\/latinaja.es\/index.php\/comarca\/#breadcrumb","itemListElement":[{"@type":"ListItem","position":1,"name":"Portada","item":"https:\/\/latinaja.es\/"},{"@type":"ListItem","position":2,"name":"Geoparque"}]},{"@type":"WebSite","@id":"https:\/\/latinaja.es\/#website","url":"https:\/\/latinaja.es\/","name":"Braseria La Tinaja","description":"Web del restaurante La Tinaja","publisher":{"@id":"https:\/\/latinaja.es\/#organization"},"potentialAction":[{"@type":"SearchAction","target":{"@type":"EntryPoint","urlTemplate":"https:\/\/latinaja.es\/?s={search_term_string}"},"query-input":{"@type":"PropertyValueSpecification","valueRequired":true,"valueName":"search_term_string"}}],"inLanguage":"es"},{"@type":"Organization","@id":"https:\/\/latinaja.es\/#organization","name":"Braseria La Tinaja Guadix","url":"https:\/\/latinaja.es\/","logo":{"@type":"ImageObject","inLanguage":"es","@id":"https:\/\/latinaja.es\/#\/schema\/logo\/image\/","url":"https:\/\/latinaja.es\/wp-content\/uploads\/2020\/11\/LOGOTIPO-PNG.png","contentUrl":"https:\/\/latinaja.es\/wp-content\/uploads\/2020\/11\/LOGOTIPO-PNG.png","width":1654,"height":1181,"caption":"Braseria La Tinaja Guadix"},"image":{"@id":"https:\/\/latinaja.es\/#\/schema\/logo\/image\/"},"sameAs":["https:\/\/www.facebook.com\/tinajaguadix\/","https:\/\/x.com\/tinaja_braseria","https:\/\/www.instagram.com\/tinajaguadix\/"]}]}},"_links":{"self":[{"href":"https:\/\/latinaja.es\/index.php\/wp-json\/wp\/v2\/pages\/1419"}],"collection":[{"href":"https:\/\/latinaja.es\/index.php\/wp-json\/wp\/v2\/pages"}],"about":[{"href":"https:\/\/latinaja.es\/index.php\/wp-json\/wp\/v2\/types\/page"}],"author":[{"embeddable":true,"href":"https:\/\/latinaja.es\/index.php\/wp-json\/wp\/v2\/users\/1"}],"replies":[{"embeddable":true,"href":"https:\/\/latinaja.es\/index.php\/wp-json\/wp\/v2\/comments?post=1419"}],"version-history":[{"count":19,"href":"https:\/\/latinaja.es\/index.php\/wp-json\/wp\/v2\/pages\/1419\/revisions"}],"predecessor-version":[{"id":1464,"href":"https:\/\/latinaja.es\/index.php\/wp-json\/wp\/v2\/pages\/1419\/revisions\/1464"}],"wp:attachment":[{"href":"https:\/\/latinaja.es\/index.php\/wp-json\/wp\/v2\/media?parent=1419"}],"curies":[{"name":"wp","href":"https:\/\/api.w.org\/{rel}","templated":true}]}}