{"id":752,"date":"2020-05-10T13:29:10","date_gmt":"2020-05-10T11:29:10","guid":{"rendered":"http:\/\/latinaja.es\/?page_id=752"},"modified":"2025-02-04T07:40:34","modified_gmt":"2025-02-04T06:40:34","slug":"cueva-natural","status":"publish","type":"page","link":"https:\/\/latinaja.es\/index.php\/cueva-natural\/","title":{"rendered":"Cueva natural"},"content":{"rendered":"<div id=\"pl-752\"  class=\"panel-layout\" ><div id=\"pg-752-0\"  class=\"panel-grid panel-has-style\" ><div class=\"panel-row-style panel-row-style-for-752-0\" ><div id=\"pgc-752-0-0\"  class=\"panel-grid-cell\" ><div id=\"panel-752-0-0-0\" class=\"so-panel widget widget_siteorigin-panels-builder panel-first-child panel-last-child\" data-index=\"0\" ><div class=\"panel-widget-style panel-widget-style-for-752-0-0-0\" ><div id=\"pl-w5eb81d84f0360\"  class=\"panel-layout\" ><div id=\"pg-w5eb81d84f0360-0\"  class=\"panel-grid panel-no-style\" ><div id=\"pgc-w5eb81d84f0360-0-0\"  class=\"panel-grid-cell\" ><div id=\"panel-w5eb81d84f0360-0-0-0\" class=\"so-panel widget widget_themegrill_flash_heading tg-widget section-title-wrapper panel-first-child panel-last-child\" data-index=\"0\" >\t<h3 class=\"section-title\">COMEDORES EN CUEVA NATURAL<\/h3>\n\t<div class=\"section-description\">Comer dentro de una monta\u00f1a<\/div>\n<\/div><\/div><\/div><div id=\"pg-w5eb81d84f0360-1\"  class=\"panel-grid panel-has-style\" ><div class=\"panel-row-style panel-row-style-for-w5eb81d84f0360-1\" ><div id=\"pgc-w5eb81d84f0360-1-0\"  class=\"panel-grid-cell\" ><div id=\"panel-w5eb81d84f0360-1-0-0\" class=\"so-panel widget widget_themegrill_flash_image tg-widget tg-image-widget panel-first-child panel-last-child\" data-index=\"1\" >\t<img decoding=\"async\" src=\"http:\/\/latinaja.es\/wp-content\/uploads\/2020\/05\/la-tinaja-guadix-9.jpg\" \/>\n<\/div><\/div><div id=\"pgc-w5eb81d84f0360-1-1\"  class=\"panel-grid-cell\" ><div id=\"panel-w5eb81d84f0360-1-1-0\" class=\"so-panel widget widget_text panel-first-child panel-last-child\" data-index=\"2\" >\t\t\t<div class=\"textwidget\"><p>Nuestros comedores est\u00e1n ubicados en salas independientes ubicadas en cueva natural,.<\/p>\n<p>\u00bfCueva natural?, \u00bfQu\u00e9 es eso?<\/p>\n<p>Cuando hablamos de\u00a0<strong>casas cueva o de h\u00e1bitat troglodita<\/strong>\u00a0(del griego troglodytes) lo hacemos en referencia al\u00a0<strong>peculiar modo de organizaci\u00f3n de un asentamiento humano en cavernas.<\/strong>\u00a0Esta etimolog\u00eda que particularmente se aplica a grupos humanos prehist\u00f3ricos es aplicable en la actualidad a determinadas zonas geogr\u00e1ficas de Andalucia.<\/p>\n<p>Las cuevas, en tanto que abrigos naturales, han sido\u00a0<strong>utilizadas por el hombre desde el Paleol\u00edtico Superior.<\/strong>\u00a0Este h\u00e1bitat no desaparece y queda perpetuado en el tiempo y en la historia sin perder su esencia: La madre tierra ampara y protege en su interior al hombre.<\/p>\n<p>Construidas sin tener que echar mano de arquitectos, las formas y vol\u00famenes dependen en gran medida de las caracter\u00edsticas de la roca en la que hayan sido excavadas y de la originalidad y necesidades del que las construye.<\/p>\n<p><strong>Mantienen una temperatura constante a lo largo de todo el a\u00f1o y convierten la experiencia de estar en ellas algo realmente \u00fanico.<\/strong><\/p>\n<p><strong>Disfrute de su comida en un ambiente, diferente, sosegado, en habitaciones individuales escarbadas en la tierra, en nuestra cueva natural.<\/strong><\/p>\n<\/div>\n\t\t<\/div><\/div><\/div><\/div><div id=\"pg-w5eb81d84f0360-2\"  class=\"panel-grid panel-has-style\" ><div class=\"panel-row-style panel-row-style-for-w5eb81d84f0360-2\" ><div id=\"pgc-w5eb81d84f0360-2-0\"  class=\"panel-grid-cell\" ><div id=\"panel-w5eb81d84f0360-2-0-0\" class=\"so-panel widget widget_themegrill_flash_image tg-widget tg-image-widget panel-first-child panel-last-child\" data-index=\"3\" >\t<img decoding=\"async\" src=\"http:\/\/latinaja.es\/wp-content\/uploads\/2020\/05\/1511071_968106933229695_2290578500525044062_n.jpg\" \/>\n<\/div><\/div><div id=\"pgc-w5eb81d84f0360-2-1\"  class=\"panel-grid-cell\" ><div id=\"panel-w5eb81d84f0360-2-1-0\" class=\"so-panel widget widget_themegrill_flash_image tg-widget tg-image-widget panel-first-child panel-last-child\" data-index=\"4\" >\t<img decoding=\"async\" src=\"http:\/\/latinaja.es\/wp-content\/uploads\/2020\/05\/960x540.jpg\" \/>\n<\/div><\/div><\/div><\/div><div id=\"pg-w5eb81d84f0360-3\"  class=\"panel-grid panel-no-style\" ><div id=\"pgc-w5eb81d84f0360-3-0\"  class=\"panel-grid-cell\" ><div id=\"panel-w5eb81d84f0360-3-0-0\" class=\"so-panel widget widget_themegrill_flash_image tg-widget tg-image-widget panel-first-child panel-last-child\" data-index=\"5\" >\t<img decoding=\"async\" src=\"http:\/\/latinaja.es\/wp-content\/uploads\/2020\/05\/cuevas-1200.jpg\" \/>\n<\/div><\/div><\/div><\/div><\/div><\/div><\/div><\/div><\/div><div id=\"pg-752-1\"  class=\"panel-grid panel-has-style\" ><div class=\"panel-row-style panel-row-style-for-752-1\" ><div id=\"pgc-752-1-0\"  class=\"panel-grid-cell\" ><div id=\"panel-752-1-0-0\" class=\"so-panel widget widget_themegrill_flash_cta tg-widget call-to-action-section panel-first-child panel-last-child\" data-index=\"1\" ><div class=\"cta-wrapper call-to-action-section-layout-1\">\n\t<div class=\"section-title-wrapper\">\n\t\t\t\t<h3 class=\"section-title\">Contacte con nosotros para cualquier duda sobre nuestros salones en cueva natural<\/h3>\n\t\t\t<\/div>\n\t\t<div class=\"btn-wrapper\">\n\t\t\t\t<a class=\"btn\" href=\"https:\/\/wa.me\/629135673?text=urlencodedtext\">Contacto<\/a>\n\t\t\t\t\t<\/div>\n\t<\/div>\n<\/div><\/div><\/div><\/div><\/div>","protected":false},"excerpt":{"rendered":"<p>COMEDORES EN CUEVA NATURAL Comer dentro de una monta\u00f1a Nuestros comedores est\u00e1n ubicados en salas independientes ubicadas en cueva natural,. [&hellip;]<\/p>\n","protected":false},"author":1,"featured_media":0,"parent":0,"menu_order":0,"comment_status":"closed","ping_status":"closed","template":"","meta":{"footnotes":""},"class_list":["post-752","page","type-page","status-publish","hentry"],"yoast_head":"<!-- This site is optimized with the Yoast SEO plugin v24.9 - https:\/\/yoast.com\/wordpress\/plugins\/seo\/ -->\n<title>Cueva natural &#8212; Braseria La Tinaja<\/title>\n<meta name=\"robots\" content=\"index, follow, max-snippet:-1, max-image-preview:large, max-video-preview:-1\" \/>\n<link rel=\"canonical\" href=\"https:\/\/latinaja.es\/index.php\/cueva-natural\/\" \/>\n<meta property=\"og:locale\" content=\"es_ES\" \/>\n<meta property=\"og:type\" content=\"article\" \/>\n<meta property=\"og:title\" content=\"Cueva natural &#8212; Braseria La Tinaja\" \/>\n<meta property=\"og:description\" content=\"COMEDORES EN CUEVA NATURAL Comer dentro de una monta\u00f1a Nuestros comedores est\u00e1n ubicados en salas independientes ubicadas en cueva natural,. [&hellip;]\" \/>\n<meta property=\"og:url\" content=\"https:\/\/latinaja.es\/index.php\/cueva-natural\/\" \/>\n<meta property=\"og:site_name\" content=\"Braseria La Tinaja\" \/>\n<meta property=\"article:publisher\" content=\"https:\/\/www.facebook.com\/tinajaguadix\/\" \/>\n<meta property=\"article:modified_time\" content=\"2025-02-04T06:40:34+00:00\" \/>\n<meta name=\"twitter:card\" content=\"summary_large_image\" \/>\n<meta name=\"twitter:site\" content=\"@tinaja_braseria\" \/>\n<meta name=\"twitter:label1\" content=\"Tiempo de lectura\" \/>\n\t<meta name=\"twitter:data1\" content=\"2 minutos\" \/>\n<script type=\"application\/ld+json\" class=\"yoast-schema-graph\">{\"@context\":\"https:\/\/schema.org\",\"@graph\":[{\"@type\":\"WebPage\",\"@id\":\"https:\/\/latinaja.es\/index.php\/cueva-natural\/\",\"url\":\"https:\/\/latinaja.es\/index.php\/cueva-natural\/\",\"name\":\"Cueva natural &#8212; Braseria La Tinaja\",\"isPartOf\":{\"@id\":\"https:\/\/latinaja.es\/#website\"},\"datePublished\":\"2020-05-10T11:29:10+00:00\",\"dateModified\":\"2025-02-04T06:40:34+00:00\",\"breadcrumb\":{\"@id\":\"https:\/\/latinaja.es\/index.php\/cueva-natural\/#breadcrumb\"},\"inLanguage\":\"es\",\"potentialAction\":[{\"@type\":\"ReadAction\",\"target\":[\"https:\/\/latinaja.es\/index.php\/cueva-natural\/\"]}]},{\"@type\":\"BreadcrumbList\",\"@id\":\"https:\/\/latinaja.es\/index.php\/cueva-natural\/#breadcrumb\",\"itemListElement\":[{\"@type\":\"ListItem\",\"position\":1,\"name\":\"Portada\",\"item\":\"https:\/\/latinaja.es\/\"},{\"@type\":\"ListItem\",\"position\":2,\"name\":\"Cueva natural\"}]},{\"@type\":\"WebSite\",\"@id\":\"https:\/\/latinaja.es\/#website\",\"url\":\"https:\/\/latinaja.es\/\",\"name\":\"Braseria La Tinaja\",\"description\":\"Web del restaurante La Tinaja\",\"publisher\":{\"@id\":\"https:\/\/latinaja.es\/#organization\"},\"potentialAction\":[{\"@type\":\"SearchAction\",\"target\":{\"@type\":\"EntryPoint\",\"urlTemplate\":\"https:\/\/latinaja.es\/?s={search_term_string}\"},\"query-input\":{\"@type\":\"PropertyValueSpecification\",\"valueRequired\":true,\"valueName\":\"search_term_string\"}}],\"inLanguage\":\"es\"},{\"@type\":\"Organization\",\"@id\":\"https:\/\/latinaja.es\/#organization\",\"name\":\"Braseria La Tinaja Guadix\",\"url\":\"https:\/\/latinaja.es\/\",\"logo\":{\"@type\":\"ImageObject\",\"inLanguage\":\"es\",\"@id\":\"https:\/\/latinaja.es\/#\/schema\/logo\/image\/\",\"url\":\"https:\/\/latinaja.es\/wp-content\/uploads\/2020\/11\/LOGOTIPO-PNG.png\",\"contentUrl\":\"https:\/\/latinaja.es\/wp-content\/uploads\/2020\/11\/LOGOTIPO-PNG.png\",\"width\":1654,\"height\":1181,\"caption\":\"Braseria La Tinaja Guadix\"},\"image\":{\"@id\":\"https:\/\/latinaja.es\/#\/schema\/logo\/image\/\"},\"sameAs\":[\"https:\/\/www.facebook.com\/tinajaguadix\/\",\"https:\/\/x.com\/tinaja_braseria\",\"https:\/\/www.instagram.com\/tinajaguadix\/\"]}]}<\/script>\n<!-- \/ Yoast SEO plugin. -->","yoast_head_json":{"title":"Cueva natural &#8212; Braseria La Tinaja","robots":{"index":"index","follow":"follow","max-snippet":"max-snippet:-1","max-image-preview":"max-image-preview:large","max-video-preview":"max-video-preview:-1"},"canonical":"https:\/\/latinaja.es\/index.php\/cueva-natural\/","og_locale":"es_ES","og_type":"article","og_title":"Cueva natural &#8212; Braseria La Tinaja","og_description":"COMEDORES EN CUEVA NATURAL Comer dentro de una monta\u00f1a Nuestros comedores est\u00e1n ubicados en salas independientes ubicadas en cueva natural,. [&hellip;]","og_url":"https:\/\/latinaja.es\/index.php\/cueva-natural\/","og_site_name":"Braseria La Tinaja","article_publisher":"https:\/\/www.facebook.com\/tinajaguadix\/","article_modified_time":"2025-02-04T06:40:34+00:00","twitter_card":"summary_large_image","twitter_site":"@tinaja_braseria","twitter_misc":{"Tiempo de lectura":"2 minutos"},"schema":{"@context":"https:\/\/schema.org","@graph":[{"@type":"WebPage","@id":"https:\/\/latinaja.es\/index.php\/cueva-natural\/","url":"https:\/\/latinaja.es\/index.php\/cueva-natural\/","name":"Cueva natural &#8212; Braseria La Tinaja","isPartOf":{"@id":"https:\/\/latinaja.es\/#website"},"datePublished":"2020-05-10T11:29:10+00:00","dateModified":"2025-02-04T06:40:34+00:00","breadcrumb":{"@id":"https:\/\/latinaja.es\/index.php\/cueva-natural\/#breadcrumb"},"inLanguage":"es","potentialAction":[{"@type":"ReadAction","target":["https:\/\/latinaja.es\/index.php\/cueva-natural\/"]}]},{"@type":"BreadcrumbList","@id":"https:\/\/latinaja.es\/index.php\/cueva-natural\/#breadcrumb","itemListElement":[{"@type":"ListItem","position":1,"name":"Portada","item":"https:\/\/latinaja.es\/"},{"@type":"ListItem","position":2,"name":"Cueva natural"}]},{"@type":"WebSite","@id":"https:\/\/latinaja.es\/#website","url":"https:\/\/latinaja.es\/","name":"Braseria La Tinaja","description":"Web del restaurante La Tinaja","publisher":{"@id":"https:\/\/latinaja.es\/#organization"},"potentialAction":[{"@type":"SearchAction","target":{"@type":"EntryPoint","urlTemplate":"https:\/\/latinaja.es\/?s={search_term_string}"},"query-input":{"@type":"PropertyValueSpecification","valueRequired":true,"valueName":"search_term_string"}}],"inLanguage":"es"},{"@type":"Organization","@id":"https:\/\/latinaja.es\/#organization","name":"Braseria La Tinaja Guadix","url":"https:\/\/latinaja.es\/","logo":{"@type":"ImageObject","inLanguage":"es","@id":"https:\/\/latinaja.es\/#\/schema\/logo\/image\/","url":"https:\/\/latinaja.es\/wp-content\/uploads\/2020\/11\/LOGOTIPO-PNG.png","contentUrl":"https:\/\/latinaja.es\/wp-content\/uploads\/2020\/11\/LOGOTIPO-PNG.png","width":1654,"height":1181,"caption":"Braseria La Tinaja Guadix"},"image":{"@id":"https:\/\/latinaja.es\/#\/schema\/logo\/image\/"},"sameAs":["https:\/\/www.facebook.com\/tinajaguadix\/","https:\/\/x.com\/tinaja_braseria","https:\/\/www.instagram.com\/tinajaguadix\/"]}]}},"_links":{"self":[{"href":"https:\/\/latinaja.es\/index.php\/wp-json\/wp\/v2\/pages\/752"}],"collection":[{"href":"https:\/\/latinaja.es\/index.php\/wp-json\/wp\/v2\/pages"}],"about":[{"href":"https:\/\/latinaja.es\/index.php\/wp-json\/wp\/v2\/types\/page"}],"author":[{"embeddable":true,"href":"https:\/\/latinaja.es\/index.php\/wp-json\/wp\/v2\/users\/1"}],"replies":[{"embeddable":true,"href":"https:\/\/latinaja.es\/index.php\/wp-json\/wp\/v2\/comments?post=752"}],"version-history":[{"count":21,"href":"https:\/\/latinaja.es\/index.php\/wp-json\/wp\/v2\/pages\/752\/revisions"}],"predecessor-version":[{"id":1629,"href":"https:\/\/latinaja.es\/index.php\/wp-json\/wp\/v2\/pages\/752\/revisions\/1629"}],"wp:attachment":[{"href":"https:\/\/latinaja.es\/index.php\/wp-json\/wp\/v2\/media?parent=752"}],"curies":[{"name":"wp","href":"https:\/\/api.w.org\/{rel}","templated":true}]}}